**4/8 + 7*d**3/6 + 12*d**2. Let j = 2550 - 2555. Calculate i(j).
17
Let i(c) = c**3 + 38*c**2 + 26*c + 22. Let h(d) = d**3 + 32*d**2 + 26*d + 21. Let r(y) = -4*h(y) + 3*i(y). Calculate r(-12).
6
Let a = 3 + -8. Let x = a + 9. Let t(y) = -5 + 0 + 3*y - y**3 + 4 + y + 2*y**2 + 5. What is t(x)?
-12
Let t(a) be the third derivative of a**6/120 - a**5/6 - 3*a**4/8 - 3*a**3 - 5986*a**2. Determine t(11).
4
Let a(z) = -2*z + 1. Let i be -6*(64/3 - -4). Let c be (i/(-16) + -11)*2/(-1). Calculate a(c).
-5
Let t(f) = 7 - 4 - 13*f - 5*f**3 - 11*f**2 - 13 - 26*f**2 - 2. Let x(y) = -4*y**3 - 33*y**2 - 11*y - 11. Let z(k) = -5*t(k) + 6*x(k). Give z(13).
-19
Suppose 5*b - 33 = o + 17, -o = -3*b + 44. Let q = o + 39. Let i(d) = 28 - d + 24 - 7*d**2 - 79 + 8*d**2 + 22. Give i(q).
7
Suppose 3*n - 41 = 5*l, 2*l - 5*l - 4*n - 13 = 0. Let y = l - -9. Let s(g) = -4*g**2 + y*g - 1 + 3*g**2 + 0*g. Calculate s(5).
-16
Let n(l) be the second derivative of -3/4*l**4 + 260*l - 5/3*l**3 + 0 - 9/2*l**2 - 1/20*l**5. What is n(-8)?
7
Let x = 90 - 32. Let i = -41 + x. Let a(r) = 11*r + 5*r - 1 - i*r + 2*r**3 + r**2. Give a(-1).
-1
Let g(v) = -3*v - 7. Let h = -9 - 1. Let b be g(h). Suppose 2 = -r - 3, -5*r - b = 2*i. Let a(x) = 5*x**2 + 1. Determine a(i).
6
Let l(t) = 2*t**2 + 23*t - 54. Let g be l(-13). Let k be (-2)/3 + (-10)/g. Let r(i) = i**3 + i**2 - i + 20. Determine r(k).
20
Suppose 5*r = 6 + 89. Suppose -15 = -3*o - 3*d, 4*d = 2*o - r - 21. Let m(g) = -g**2 - g**3 + 6*g**2 - 6*g**2 + 12*g - 7 + 10*g**2 - 8. What is m(o)?
5
Let d(w) be the second derivative of 7*w**4/12 + w**3/6 - w**2 - 18*w - 31. Give d(1).
6
Let r(m) = -36*m + 1. Let f(j) = 255*j + 136. Let y(c) = -f(c) - 7*r(c). Calculate y(-46).
-5
Let l(r) = -r**2 + 4*r - 9. Let u be (-2)/((-4)/30)*(-33)/((-297)/6). Give l(u).
-69
Let b = -343 - -342. Let i be (((0/5)/6)/b)/(-1). Let v(p) = -p + 11. Give v(i).
11
Let x be (-8)/(-10)*(6 - 1). Suppose -9 = x*d + 7. Let a(u) = 2*u**2 - 6*u + 3. Let s(v) = -2*v**2 + 3*v - 3. Let n(j) = 3*a(j) + 4*s(j). Calculate n(d).
-11
Let r(w) = 2*w**2 + 9*w**3 - 10 + 13*w - 4*w - 10*w**3 - 5*w**2 + 39. What is r(-4)?
9
Let o(v) be the second derivative of -11/2*v**2 + 38*v + 1/12*v**4 - v**3 + 0. Calculate o(7).
-4
Let f(u) = -u**2 - 50*u - 403. Let x be f(-40). Let i(j) = 4*j**2 - 5*j - 6. Give i(x).
45
Let t(m) be the second derivative of m**3/6 + m**2/2 - 2*m. Suppose -d - 40 = 4*o, -2*o - 146 = 2*d + 3*d. Let u = d - -34. Calculate t(u).
7
Suppose 124 = -256*a - 292*a + 579*a. Let x(y) = y**3 + 6*y**2 - 37*y - 10. Give x(a).
2
Let h(g) = g + 2*g**3 - 3*g**3 - 186*g**2 + 188*g**2. Let k be 4/6*(-2)/(24/18). Determine h(k).
2
Suppose 0 = 3*s + 5*m - 44, 3*s - 16 = -441*m + 440*m. Let t(i) = 2*i**2 + 4*i - 7. Determine t(s).
23
Let g(b) = -2*b**2 + 19*b - 40. Suppose 2*p + 4*q - 40 = 0, -14*p - p - 2*q + 76 = 0. Calculate g(p).
4
Suppose -3*o + 0*o = -30, 3*b - 4*o = -37. Let w(h) be the third derivative of 5*h**4/12 - h**3/2 - h**2. What is w(b)?
7
Let u(w) = w**3 - 7*w**2 - 3*w - 4. Suppose 0 = 315*a - 294*a - 84. Calculate u(a).
-64
Let t(o) = -o**3 + 3*o**2 - o + 2. Let g = 17922 + -17920. What is t(g)?
4
Suppose 5*b - 19 = 6. Let u be -4 + 3 + b + 2. Let l(d) = 3*d + 2 - u - 4 - 2*d. Calculate l(6).
-2
Let d(y) = y**3 - 6*y**2 + 4*y - 8. Let f be (0*(-5)/(-10))/(-1 - -2). Suppose f = 5*x - 17 - 13. What is d(x)?
16
Let x(g) = -2*g - 2. Let j(p) = -2*p - 3. Let u(a) = 2*j(a) + x(a). What is u(4)?
-32
Let p(n) = -n**3 - 5*n**2 + 4*n. Let m(c) = -13*c - 31. Let a be m(-2). What is p(a)?
-20
Let d(a) = 2*a**3 + 10*a**2 + 0 - 10*a - 3*a**3 + 3. Suppose 5*m = -5*h + 50, -148*h + 144*h + 32 = -4*m. Calculate d(h).
-6
Let m(s) = -24*s + 120. Let h(k) = 145*k - 764. Let z(o) = -2*h(o) - 13*m(o). What is z(2)?
12
Let v be 0 - (-4)/(-8)*(-90)/9. Let b(p) = p**3 - 7*p**2 + 9*p + 7. Determine b(v).
2
Suppose -4 = 5*r - 34. Suppose 3*y + m - 2 = 5, -5*m + 7 = y. Let j(v) = -28*v - 5*v**y + v**3 - 29*v + 7 + 50*v. Give j(r).
1
Suppose -5*j + 33 + 27 = 0. Let z be (4/(-6))/((-4)/j). Let h(a) = -a**2 + 7*a - 8. Calculate h(z).
2
Let a(b) = -6*b**2 - 4*b - 3. Let p = -27 - -29. Let z(r) = -2*r**2 - 12 - 7 + 2 - 16*r - r**3 - 14*r**p. Let g be z(-15). Calculate a(g).
-19
Let h(x) be the first derivative of -3*x**2/2 - 17*x - 798. Calculate h(-7).
4
Let q(m) be the third derivative of 0 + 2/3*m**3 + 1/24*m**4 - 4*m**2 + 0*m. Let s = 1596 + -1598. Give q(s).
2
Let u(z) = z**3 + 4*z**2 - 3*z - 6. Let b = 24 - 21. Let c(d) = -2*d + 0*d + 0 + b + 19. Let m be c(13). Give u(m).
6
Let j(s) = 159 - 77 - 75 + 21*s - 46 - s**2 - 39. Calculate j(17).
-10
Let f(u) = u + 9. Suppose z - 12 = -10. Suppose -7*a = -2*a + 3*c + 567, z*c = -5*a - 563. Let h = -119 - a. Calculate f(h).
1
Suppose s + 11 - 14 = 0. Let f(x) be the second derivative of x**5/20 - x**4/12 - x**3/3 - 2*x**2 + 133*x. Give f(s).
8
Let i(q) be the first derivative of q**4/6 + 7*q**3/6 - 25*q**2/2 - 45. Let t(u) be the second derivative of i(u). Give t(-5).
-13
Let c(z) = 2*z - 24. Let o be c(12). Let w be -2*5/(-30)*o. Let h(i) = 8617 + i**2 - 2*i**2 - 8616. Determine h(w).
1
Let f(b) = -16*b**3 - 3*b - 2*b**2 - 21*b**3 + 7 - 8*b**2 + 36*b**3. Let g be f(-10). Suppose -g = 7*x - 2. Let r(k) = k**2 + 6*k. Determine r(x).
-5
Suppose 21*b + 248 = 83*b. Let a = 0 - -1. Let m(c) = -3*c**3 - 6*c**2 + 5. Let f(w) = w**3 - w**2 - 1. Let l(p) = a*m(p) + b*f(p). Calculate l(10).
1
Let w(y) = -19*y**2 + y**3 + 0 - 9 - 12*y + 4*y + 24*y**2. Let p = -40 + 65. Suppose 4*l - 1 = -p. What is w(l)?
3
Let a(f) = -3*f**2 + 36*f + 19. Let m(v) = -v**2 + v - 3. Let h(g) = 3*g**2 - 5*g + 8. Let u(i) = h(i) + 2*m(i). Let x(k) = -a(k) - 4*u(k). Give x(-23).
-4
Let j = 9 - 9. Let o(x) = -30 + j*x**3 - 7*x - 2*x**2 + x**3 - 5*x**2 + 24. Determine o(8).
2
Let h be (21/6)/(22/16 + 135/360). Let a(m) be the second derivative of -7/12*m**4 + 14*m + 0 - 5/6*m**3 - 3*m**h - 1/20*m**5. Determine a(-6).
-12
Let b(h) be the second derivative of h**4/12 - h**3/2 - 7*h**2/2 + 165*h. Give b(6).
11
Let v be (-6)/(-4)*(-24 - -11 - -9). Let o(j) = -7 + 6*j**2 + 2*j - 3*j**3 + 4*j**3 + 0*j**3. Determine o(v).
-19
Let i(d) = 4*d**2 + 13*d - 4*d**2 - 5*d**2 + d**2 + 1 + 3*d**2. Calculate i(13).
1
Let a(k) = -3*k**2 - k + 85. Let t(s) = 2*s**2 + s - 57. Let o(h) = 5*a(h) + 7*t(h). Give o(-5).
-9
Suppose 8 - 48 = n. Let u be -4 - (-3)/((-2)/(n/12)). Let l(q) = -q**3 - q**2 + q. Let i(m) = -9*m**3 + 2*m - 1. Let o(w) = -i(w) + 2*l(w). Give o(u).
6
Let o = 77 - 75. Suppose -1 - 3 = -o*h. Let x = h + 2. Let s(g) = g**3 - 6*g**2 + 6*g - 2. What is s(x)?
-10
Let x(t) be the first derivative of -t**3/3 + 8*t**2 + 81*t - 2970. Give x(20).
1
Let y(k) = 2*k**3 + 3*k**2 + 3*k. Let d(s) = 4*s**3 + 8*s**2 + 14*s - 1. Let n(c) = -d(c) + 3*y(c). Calculate n(2).
11
Let l(m) = -49*m**3 - 2*m**2 + 1. Let p be (-33)/((-33)/(-3))*(-3)/(-9). Give l(p).
48
Let f(j) = 2*j**2 - 24*j + 3. Let l be f(12). Let a(b) = 17*b - 1 + l*b - 13*b. Determine a(4).
27
Let j(n) be the third derivative of 0*n + 1/20*n**5 + 0 + 1/120*n**6 + 1/12*n**4 + 76*n**2 + 0*n**3. Calculate j(-3).
-6
Let g(t) = 12*t**2 + 2*t - 1. Let o(m) = -m**2 + 2*m - 18. Let n be o(0). Let k = 26 + n. Suppose x = -k*x + 9. Give g(x).
13
Let z(u) = u**2 + 1 - 3*u**2 - u + u**3 - 8. Let t be 923/(-71) - (-2*26)/4. Determine z(t).
-7
Let p(x) = -x**2 + 16*x + 8. Let s be (10 + -8)/(5/270*12). Determine p(s).
71
Let s(b) = 3*b + 1. Let a be ((-78)/18 - -5)*(-249)/(-2). Suppose 6*q = a - 125. Calculate s(q).
-20
Let o(s) = -49 + 90 - 43 + 0*s**2 + 3*s + s**2. Suppose n = -3*n + u + 10, 2 = 3*n + 2*u. Calculate o(n).
8
Let r(m) = 31*m**3 + 165*m**2 - 65*m + 31. Let p(t) = 5*t**3 + 27*t**2 - 11*t + 5. Let b(u) = 37*p(u) - 6*r(u). Calculate b(8).
-73
Let o(v) = -2*v**3 - 27*v**2 - 13*v - 11. Let f = 1427 + -1440. What is o(f)?
-11
Let p be 32/(-24) + 2 - (-1)/3. Let r be (1/p)/(-3*3/54). Let n(g) = -g**3 - 6*g**2 + 2*g + 9. Give n(r).
-3
Suppose 24 = j + 5*v, 5*v - 20 = v. Let u(r) = 7 - 3 - 4*r - 3 + 3*r. Let y(a) = -2*a + 7. Let g(s) = j*y(s) + 3*u(s). What is g(-3)?
-1
Suppose 2*j + 30 + 70 = 0. Let h be j/(-8) + 2/(-8). Let q(k) = -6*k**2 + 34*k**2 - 27*k**2 + 0 - 6 - 5*k - 3 + 4. What is q(h)?
1
Let c(l) = -3*l + 44. Let m be c(17). Let b = 23